 10 = 3*j. Let n(p) = j*f(p) + 18*z(p). What is n(-5)?
12
Suppose 14*y = 9*y. Let j(q) be the third derivative of 0 - 1/60*q**5 - 6*q**2 + 1/6*q**3 + 1/4*q**4 + y*q. Give j(6).
1
Suppose -4*q + 3*i = -5*q - 15, 3*q - 2*i + 1 = 0. Let s(v) = -v**2 - 3*v + 3. Let o be s(q). Let h(p) = -5*p. Calculate h(o).
-15
Let q(k) = -1 - 115*k**3 - 3*k + 225*k**3 - k - 4*k**2 - 111*k**3. What is q(-3)?
2
Let v = 956 - 952. Suppose 3*g + 5 = -2*g - 5*o, -15 = -3*g + 3*o. Let d(y) = -5 - g*y - 2*y + 6*y. Give d(v).
3
Suppose 4*g - 16 = z + 10, 3*z + 3*g = -3. Let w = -29 + 31. Let p(o) = -5 + 6*o**w - 1 + o**3 + o - 3*o. Calculate p(z).
6
Let f(r) be the first derivative of r**4/4 - 2*r**3 + 7*r**2/2 - 3*r + 2. Let n be f(5). Let z(g) = -3*g - g**2 + 8*g - g + n. What is z(5)?
2
Let j(m) be the second derivative of 2*m + 1/6*m**4 + 1/3*m**3 + 0 + 1/2*m**2 - 1/10*m**5. Give j(-1).
3
Let i = -31 + 34. Let z(a) = -7*a + 11. Let h(c) = 15*c - 23. Let w(q) = -6*h(q) - 13*z(q). Determine w(i).
-2
Suppose 2*v = -4*l + 2*l + 6, 0 = 2*l - v - 15. Let j(z) be the first derivative of 1/4*z**4 - 1/3*z**3 - z - l - z**2. What is j(2)?
-1
Let l(r) = -65*r - 528. Let v be l(-8). Let q(b) = b**3 + 7*b**2 - 3*b + 36. Determine q(v).
-4
Let u(r) = -2*r**3 + r**2 - 1. Let d be u(-1). Suppose -d*y - s - 7 = 0, -5*y + 4*s + 5 = -s. Let v(c) = -c**2 + c - c - 3 - 2*c - c**3. Give v(y).
5
Let r(f) = f**2 - 2*f + 6. Let n(o) be the second derivative of o**4/12 - o**3/6 - 8*o**2 - 14*o. Let v be n(5). Give r(v).
14
Let m(z) = z**3 - 5*z**2 - 6*z + 7. Suppose 5*k + 117 = 3*l + l, 0 = -k - 3*l - 12. Let s = k + 27. What is m(s)?
7
Let q(z) = -3*z**2 - 26*z - 10. Let b(u) = -u**2 - 9*u - 3. Let f(j) = -8*b(j) + 3*q(j). Let a(n) = n - 4. Let v be a(-3). Let l = v + 3. What is f(l)?
2
Let v(s) = s**3 - 24*s**2 - 2*s + 43. Let d be v(24). Let u(c) = c**3 + 4*c**2 - c + 6. Give u(d).
-14
Let s(t) = -8*t - 19. Let n(h) = -h - 2. Let q(a) = -5*n(a) + s(a). Give q(-8).
15
Let q be -3*(3 + (-18)/9). Let l(t) be the second derivative of t**3/2 + 2*t**2 - t. Determine l(q).
-5
Let n(y) = y**3 + 5*y**2 - y + 7. Let v be ((-64)/(-6))/((-4 + 7)/9). Suppose -8*g = v + 8. Determine n(g).
12
Let f(w) = -2*w + 3. Let b(z) = -z + 3. Let j be b(2). Suppose -j = p - a + 5, -12 = 2*p + a. Calculate f(p).
15
Let x = -151 - -158. Let u(y) = y**3 - 7*y**2 - y + 3. Give u(x).
-4
Let c(v) = -37*v**3 - 18*v**2 - 32*v - 44. Let l(h) = -13*h**3 - 6*h**2 - 11*h - 15. Let s(z) = -6*c(z) + 17*l(z). Calculate s(-4).
21
Let k(l) = 7*l - 4. Let u(c) = -6*c + 4. Let n(m) = 5*k(m) + 6*u(m). Let r be n(2). Let d(w) = -2*w - 2 + 2*w + r*w - w. Calculate d(2).
0
Let t(r) = -r + 1. Let j = 18 + -27. Let q(k) = 2*k + 24. Let l be q(j). Give t(l).
-5
Suppose -3*m + 3 = 4*r + 4, -3*r = 2*m. Let h(b) = 3*b. What is h(r)?
6
Let h be -1 + 0 - (1 + 8). Let m(o) = -14*o + 61. Let v(c) = -5*c + 21. Let g(p) = 6*m(p) - 17*v(p). What is g(h)?
-1
Let d be 35/42 - 41/6. Let c(s) = -3*s**2 + 6*s - 6 + s**2 + 3*s**2. What is c(d)?
-6
Let x(a) = 4*a**2 - 3*a**2 + 15 - 6928*a + 6913*a. Give x(14).
1
Let s(j) be the second derivative of 7*j**6/720 - j**5/30 - 7*j**4/12 - 14*j. Let l(f) be the third derivative of s(f). What is l(-3)?
-25
Let o(f) be the second derivative of f**8/6720 + f**7/630 - f**6/240 - 13*f**4/12 - 11*f. Let a(j) be the third derivative of o(j). Determine a(-5).
-10
Let k(a) = 8 - 613*a - 610*a + 1224*a. What is k(-10)?
-2
Let m = -94 - -94. Suppose -24*s + 28*s + 8 = m. Let j(c) = -2*c**3 - c**2 - c - 2. Determine j(s).
12
Let a(u) = 204*u - 5. Let i(g) = -143*g + 3. Let t(x) = -7*a(x) - 10*i(x). Suppose -4*p - 8 = 2*l, -2*l - 8 = p - 2*p. What is t(l)?
-3
Let l(w) = -2*w + 1. Suppose 4*p = -70*p - 296. Determine l(p).
9
Let n(t) be the first derivative of t**4/4 + t**3 - 5*t**2/2 - t + 50. Let z = -3 + 2. Let c be z/1 + (1 - 4). Determine n(c).
3
Let n(s) be the second derivative of -3*s**2 + 0 - 1/12*s**4 - 38*s + 4/3*s**3. Calculate n(6).
6
Let v(r) = -r**3 + 3*r**2 - 4*r + 2. Let z be (-10)/(-4) - (32/8)/(-8). Give v(z).
-10
Suppose -16 = -5*g + g. Let r = -8 + g. Let z(s) = 2*s**3 - s**2 - s + 2. Let t(f) = -f**3 - f**2 - 2. Let m(y) = -3*t(y) - z(y). Calculate m(r).
0
Let t be ((-6)/(-10) + 0)*5. Suppose 5*k - 472 = 3*p, -k - t*p + 100 = -5*p. Let m(a) = 0*a + 91*a**3 + 2*a + 4*a**2 - 6 - k*a**3. Determine m(4).
2
Let u(g) = -4 - 6 + 19 - g**3 - 75*g**2 + 70*g**2 + 3*g. Give u(-6).
27
Let o(r) = -4*r**2 + 2*r**2 + 5 + 7*r**2 + r**3 + 2*r. Let a = 54 - 33. Suppose 5*m + n + 9 = -8, -a = 3*m - 3*n. Calculate o(m).
13
Let o(x) = -x**2 - x + 2. Suppose 0 = -4*c - 5*z + 224 - 50, 4*c + z - 182 = 0. Suppose 43*f - 41*f = c. Let r = 25 - f. Determine o(r).
-4
Let z(g) = g**3 + 4*g**2 + g + 10. Suppose 0 = 17*p - 16*p + 4. Let b be z(p). Let c(y) = -2*y - 1. What is c(b)?
-13
Suppose -3*g + 5*g = -4*i - 10, -g - 4*i - 13 = 0. Suppose 0 = z - 2 - 3, -g*a - 31 = -2*z. Let s(u) = u + 7. Give s(a).
0
Let p(b) = b**3 + 2 - 2 + 0 + 0*b - 1 - 2*b**2 - 3*b. Determine p(-2).
-11
Let s(l) = -2*l**2 - 8*l + 10. Let b(w) = -w**2 - 4*w + 6. Let x(o) = -5*b(o) + 2*s(o). Give x(-7).
11
Let n(r) be the second derivative of 0 + 7/6*r**3 - 5*r - 1/2*r**4 + 1/20*r**5 - 3/2*r**2. Determine n(5).
7
Suppose 3*f + 2*j = 3*j + 39, 3*f = -4*j + 39. Let i(y) = 10 + 5*y - 3*y - f. Determine i(5).
7
Let w(j) be the second derivative of 1/2*j**2 + 5*j + 0 - 1/3*j**3 - 1/60*j**5 - 1/12*j**4. Let s(q) be the first derivative of w(q). Give s(-2).
-2
Suppose 3*q - 10 = -d, 4*d - 5*q = -2*q + 10. Let k(m) be the second derivative of m**4/6 - m**3 + 5*m**2/2 + 6*m. Calculate k(d).
13
Let y(b) = b**2 + b + 2. Let u(r) = -2*r**3 - 12*r**2 - 4*r - 27. Let t be u(-6). What is y(t)?
8
Let o = 330 - 324. Suppose 41 + 14 = -5*n. Let u = n + o. Let t(c) = -c**2 - 4*c + 6. Give t(u).
1
Let s(x) = x**2 - 5. Let f(z) = z**2 - 10*z - 11. Suppose -53 = -3*n - 5*a, 0*n = -3*n - 4*a + 49. Let y be f(n). Calculate s(y).
-5
Let n = 394 + -387. Let q(j) = j**2 - 7*j + 10. Determine q(n).
10
Let g(v) be the first derivative of v**4/4 + 3*v**3 - v**2/2 - 6*v + 133. What is g(-9)?
3
Let n(o) = -14*o**3 - 9*o**2 + 7*o. Let z(u) = 7*u**3 + 4*u**2 - 3*u. Suppose 0 = -2*y + 6*y - 36. Let t(f) = y*z(f) + 4*n(f). Calculate t(-1).
-8
Let b be 0 + 3 - 12/12. Let l(p) = -p + 4. Calculate l(b).
2
Let k(i) = -2*i**2 + 9*i + 5. Let w(g) = -g**2 + 5*g + 2. Let p(q) = -3*k(q) + 5*w(q). Let y be ((-64)/240)/((-7)/105). Calculate p(y).
3
Suppose 100 = 5*q - 15. Let b = q - 12. Let z(a) = b*a + a**2 + 1 + 5 - 7*a - 3. Give z(-2).
-1
Let u = 5 + -3. Suppose 0 = 3*s + u*x - 7, 4*s = -5*x - 0*x. Let a(c) = 2*c - 5*c + 7*c - 1 - c**3 + 4*c**2. Give a(s).
-6
Let k be (23 + -2)/(-7)*1. Let d(t) = -8*t**3 - 9*t**2 + 10*t - 4. Let w(p) = 9*p**3 + 10*p**2 - 11*p + 5. Let h(i) = 7*d(i) + 6*w(i). What is h(k)?
17
Let u(q) be the first derivative of -3*q**2/2 + 26*q - 322. Determine u(6).
8
Let t(k) = 5*k + 13. Let d(z) = z + 2. Let q(n) = 21*d(n) - 3*t(n). Let l be 3/((0 - 3)/3). What is q(l)?
-15
Let y(l) = -l**3 - 7*l**2 - 4*l + 8. Let s(x) = -x - 4*x + x**2 + 4*x + 13 + x**3. Let u be s(0). Let b = -19 + u. Determine y(b).
-4
Let c(m) = -9*m + 4. Let u = -5 - -12. Let o(r) = -4*r + 2. Let g(v) = u*o(v) - 3*c(v). Suppose -40 - 20 = 10*w. Give g(w).
8
Suppose 19*d = 26*d - 56. Let i(g) = 2*g - 4. Give i(d).
12
Suppose 0 = -l - 0*l. Let s be l*(-3 - 28/(-8)) - 9. Let n(j) = j**2 + 9*j + 6. Determine n(s).
6
Let s be ((-2)/(-4))/(2/(-24)). Let j(k) = -k**2 + 109 - 34 + 4*k - 41 - 37 - 10*k. What is j(s)?
-3
Let g(s) = -s**2 - 8*s - 2. Let q be 4 - -2*(-4 + 2). Suppose 2*y + q*c - 4 = -4*c, -2*c = -4*y - 22. Calculate g(y).
14
Let a(c) = -6*c**3 + 8*c**2 + 6*c - 8. Let m(u) = -7*u**3 + 10*u**2 + 7*u - 9. Let z(w) = 6*a(w) - 5*m(w). Give z(-3).
3
Let t(u) be the third derivative of -5*u**4/24 + u**3/2 + 3*u**2. Let x be t(1). Let q(c) = 3. Let n(s) = s + 7. Let r(o) = -6*n(o) + 13*q(o). Calculate r(x).
9
Let u = -273 + 273. Let f(l) = l + 33. What is f(u)?
33
Let a(c) = c**3 - c + 1. Let p be a(0). Suppose -z + p = -5. Let g(b) = 0 - 6 - 2 + b. Give g(z).
-2
Let t(z) = -2*z**3 - 6*z**2 - z + 11. Let n(f) = f**3 + 3*f**2 - 5. Let h(w) = 5*n(w) + 2*t(w). Suppose -306 + 334 = -7*o. Give h(o).
-11
Suppose 3 =